{"id":3095,"date":"2020-05-13T16:07:12","date_gmt":"2020-05-13T16:07:12","guid":{"rendered":"http:\/\/www.inan.gov.py\/site\/?page_id=3095"},"modified":"2024-12-09T12:12:00","modified_gmt":"2024-12-09T12:12:00","slug":"capacitacion-virtual-en-bpm","status":"publish","type":"page","link":"https:\/\/www.inan.gov.py\/site\/?page_id=3095","title":{"rendered":"Capacitaci\u00f3n en Buenas Pr\u00e1cticas de Manufactura (BPM)"},"content":{"rendered":"<ul>\n<li><a href=\"https:\/\/docs.google.com\/document\/d\/1vItvNwRoiKkNAGXDzp-vNDXeSjSu-R9H\/edit?usp=sharing&amp;ouid=111072185883238892313&amp;rtpof=true&amp;sd=true\"><strong>Modelo de Nota Solicitud de Capacitaci\u00f3n Almuerzo Escolar.<\/strong><\/a><\/li>\n<li><a href=\"https:\/\/docs.google.com\/document\/d\/1eMJ3ap7m2zb_ZBIXmaiGfrmGpvVnM6G4\/edit?usp=sharing&amp;ouid=111072185883238892313&amp;rtpof=true&amp;sd=true\"><strong>Ejemplo llenado Modelo de Nota Solicitud de Capacitaci\u00f3n Almuerzo Escolar.<\/strong><\/a><\/li>\n<li><a href=\"https:\/\/drive.google.com\/file\/d\/1JYiTAXn-W39VKRjNuvuHEnKrIPsAdJX7\/view?usp=sharing\"><strong>Lista de Participantes Capacitaci\u00f3n Almuerzo Escolar.<\/strong><\/a><\/li>\n<li><a href=\"https:\/\/drive.google.com\/file\/d\/1YuiJXKJ6DG0PyW-o3M1tzQyL6HcB0acx\/view?usp=sharing\"><strong>Procedimiento\u00a0 de Capacitaci\u00f3n en Buenas Pr\u00e1cticas de Manufactura. (Documento actualmente en revisi\u00f3n)<\/strong><\/a><\/li>\n<\/ul>\n<p>&nbsp;<\/p>\n","protected":false},"excerpt":{"rendered":"<p>Modelo de Nota Solicitud de Capacitaci\u00f3n Almuerzo Escolar. Ejemplo llenado Modelo de Nota Solicitud de Capacitaci\u00f3n Almuerzo Escolar. Lista de Participantes Capacitaci\u00f3n Almuerzo Escolar. Procedimiento\u00a0 de Capacitaci\u00f3n en Buenas Pr\u00e1cticas de Manufactura. (Documento actualmente en revisi\u00f3n) &nbsp;<\/p>\n","protected":false},"author":2,"featured_media":0,"parent":0,"menu_order":0,"comment_status":"closed","ping_status":"closed","template":"","meta":{"footnotes":""},"class_list":["post-3095","page","type-page","status-publish","hentry","nodate","item-wrap"],"_links":{"self":[{"href":"https:\/\/www.inan.gov.py\/site\/index.php?rest_route=\/wp\/v2\/pages\/3095","targetHints":{"allow":["GET"]}}],"collection":[{"href":"https:\/\/www.inan.gov.py\/site\/index.php?rest_route=\/wp\/v2\/pages"}],"about":[{"href":"https:\/\/www.inan.gov.py\/site\/index.php?rest_route=\/wp\/v2\/types\/page"}],"author":[{"embeddable":true,"href":"https:\/\/www.inan.gov.py\/site\/index.php?rest_route=\/wp\/v2\/users\/2"}],"replies":[{"embeddable":true,"href":"https:\/\/www.inan.gov.py\/site\/index.php?rest_route=%2Fwp%2Fv2%2Fcomments&post=3095"}],"version-history":[{"count":35,"href":"https:\/\/www.inan.gov.py\/site\/index.php?rest_route=\/wp\/v2\/pages\/3095\/revisions"}],"predecessor-version":[{"id":11612,"href":"https:\/\/www.inan.gov.py\/site\/index.php?rest_route=\/wp\/v2\/pages\/3095\/revisions\/11612"}],"wp:attachment":[{"href":"https:\/\/www.inan.gov.py\/site\/index.php?rest_route=%2Fwp%2Fv2%2Fmedia&parent=3095"}],"curies":[{"name":"wp","href":"https:\/\/api.w.org\/{rel}","templated":true}]}}